7?
7
What is the hundreds digit of 3525489?
4
What is the tens digit of 58626?
2
What is the ten thousands digit of 1425995?
2
What is the thousands digit of 3917?
3
What is the hundreds digit of 1159917?
9
What is the tens digit of 1612004?
0
What is the ten thousands digit of 13573?
1
What is the tens digit of 48611?
1
What is the hundreds digit of 448675?
6
What is the units digit of 17016163?
3
What is the hundred thousands digit of 786550?
7
What is the thousands digit of 26693165?
3
What is the units digit of 588841?
1
What is the millions digit of 6839430?
6
What is the hundreds digit of 1233798?
7
What is the thousands digit of 30152727?
2
What is the units digit of 496084?
4
What is the millions digit of 1217201?
1
What is the ten thousands digit of 6278745?
7
What is the units digit of 3085012?
2
What is the units digit of 3485525?
5
What is the units digit of 6005770?
0
What is the hundred thousands digit of 819314?
8
What is the units digit of 802115?
5
What is the hundred thousands digit of 5435265?
4
What is the tens digit of 5070871?
7
What is the hundred thousands digit of 9343546?
3
What is the tens digit of 17208009?
0
What is the units digit of 718501?
1
What is the hundreds digit of 376478?
4
What is the units digit of 3849772?
2
What is the hundreds digit of 3202994?
9
What is the hundred thousands digit of 2113709?
1
What is the hundred thousands digit of 2796050?
7
What is the millions digit of 5442015?
5
What is the tens digit of 147570?
7
What is the tens digit of 229336?
3
What is the ten thousands digit of 34249?
3
What is the hundred thousands digit of 976659?
9
What is the units digit of 257545?
5
What is the ten thousands digit of 744799?
4
What is the tens digit of 675995?
9
What is the ten thousands digit of 8445035?
4
What is the tens digit of 306194?
9
What is the thousands digit of 1375854?
5
What is the units digit of 1284833?
3
What is the hundreds digit of 3630750?
7
What is the hundreds digit of 279217?
2
What is the units digit of 222187?
7
What is the hundred thousands digit of 1123876?
1
What is the hundreds digit of 282125?
1
What is the hundreds digit of 946225?
2
What is the units digit of 206018?
8
What is the thousands digit of 1150127?
0
What is the hundred thousands digit of 19083119?
0
What is the hundreds digit of 379378?
3
What is the ten thousands digit of 8484059?
8
What is the ten thousands digit of 678748?
7
What is the units digit of 32890840?
0
What is the tens digit of 1770865?
6
What is the ten thousands digit of 8561301?
6
What is the units digit of 438488?
8
What is the thousands digit of 709365?
9
What is the ten thousands digit of 216418?
1
What is the hundred thousands digit of 14866807?
8
What is the thousands digit of 137167?
7
What is the ten thousands digit of 1281730?
8
What is the hundreds digit of 71422?
4
What is the hundreds digit of 3662871?
8
What is the ten thousands digit of 11829217?
2
What is the ten thousands digit of 1170869?
7
What is the thousands digit of 407261?
7
What is the ten thousands digit of 905929?
0
What is the ten thousands digit of 8999271?
9
What is the thousands digit of 820352?
0
What is the tens digit of 3376973?
7
What is the hundred thousands digit of 157569?
1
What is the thousands digit of 3129239?
9
What is the millions digit of 1389768?
1
What is the hundreds digit of 274493?
4
What is the units digit of 106129?
9
What is the ten thousands digit of 1108919?
0
What is the ten thousands digit of 87882?
8
What is the hundred thousands digit of 4374348?
3
What is the thousands digit of 261387?
1
What is the tens digit of 1351624?
2
What is the thousands digit of 764854?
4
What is the tens digit of 165056?
5
What is the units digit of 307848?
8
What is the ten millions digit of 15291214?
1
What is the hundred thousands digit of 21654660?
6
What is the units digit of 7386807?
7
What is the tens digit of 122648?
4
What is the hundred thousands digit of 2637926?
6
What is the tens digit of 1677090?
9
What is the tens digit of 3817200?
0
What is the units digit of 862328?
8
What is the units digit of 244154?
4
What is the ten thousands digit of 165479?
6
What is the thousands digit of 6612014?
2
What is the units digit of 238864?
4
What is the thousands digit of 21168492?
8
What is the units digit of 215336?
6
What is the hundred thousands digit of 841517?
8
What is the ten thousands digit of 543806?
4
What is the tens digit of 1742176?
7
What is the thousands digit of 23391207?
1
What is the hundred thousands digit of 141924?
1
What is the ten thousands digit of 3876505?
7
What is the millions digit of 6372081?
6
What is the ten thousands digit of 2062572?
6
What is the hundred thousands digit of 443431?
4
What is the units digit of 1440169?
9
What is the hundreds digit of 1929948?
9
What is the hundred thousands digit of 1532521?
5
What is the tens digit of 6854703?
0
What is the thousands digit of 799514?
9
What is the tens digit of 110912?
1
What is the hundred thousands digit of 8977038?
9
What is the tens digit of 707171?
7
What is the hundreds digit of 2677554?
5
What is the units digit of 167145?
5
What is the ten thousands digit of 299431?
9
What is the units digit of 28402?
2
What is the thousands digit of 554606?
4
What is the hundreds digit of 918106?
1
What is the hundreds digit of 17995956?
9
What is the hundred thousands digit of 16536728?
5
What is the tens digit of 62558?
5
What is the ten thousands digit of 3877978?
7
What is the tens digit of 313654?
5
What is the ten thousands digit of 496128?
9
What is the millions digit of 2018596?
2
What is the millions digit of 3579371?
3
What is the hundred thousands digit of 506237?
5
What is the ten thousands digit of 359420?
5
What is the tens digit of 86800?
0
What is the units digit of 1773328?
8
What is the units digit of 2319437?
7
What is the thousands digit of 266972?
6
What is the thousands digit of 8700460?
0
What is the units digit of 20714623?
3
What is the thousands digit of 275635?
5
What is the units digit of 848962?
2
What is the ten thousands digit of 341604?
4
What is the tens digit of 64533?
3
What is the ten thousands digit of 4875370?
7
What is the thousands digit of 543469?
3
What is the tens digit of 1951010?
1
What is the thousands digit of 2619795?
9
What is the hundred thousands digit of 518614?
5
What is the units digit of 13076809?
9
What is the thousands digit of 976917?
6
What is the hundreds digit of 991737?
7
What is the hundreds digit of 481815?
8
What is the millions digit of 2108041?
2
What is the hundred thousands digit of 687351?
6
What is the ten thousands digit of 2028240?
2
What is the tens digit of 8027947?
4
What is the ten thousands digit of 1238627?
3
What is the ten thousands digit of 1051394?
5
What is the units digit of 294712?
2
What is the units digit of 143768?
8
What is the millions digit of 3598686?
3
What is the millions digit of 4772496?
4
What is the ten millions digit of 18064103?
1
What is the millions digit of 4442383?
4
What is the hundreds digit of 3627573?
5
What is the hundreds digit of 35278952?
9
What is the hundred thousands digit of 1861012?
8
What is the thousands digit of 588401?
8
What is the ten thousands digit of 4811320?
1
What is the hundred thousands digit of 209009?
2
What is the hundred thousands digit of 9386385?
3
What is the millions digit of 3348587?
3
What is the millions digit of 1552026?
1
What is the ten millions digit of 24843332?
2
What is the units digit of 218705?
5
What is the hundred thousands digit of 1454790?
4
What is the thousands digit of 14852369?
2
What is the hundred thousands digit of 227133?
2
What is the ten thousands digit of 131163?
3
What is the thousands digit of 13761929?
1
What is the tens digit of 543177?
7
What is the thousands digit of 36769377?
9
What is the hundred thousands digit of 362662?
3
What is the hundred thousands digit of 6505228?
5
What is the units digit of 12371829?
9
What is the hundreds digit of 341491?
4
What is the units digit of 125041?
1
What is the units digit of 558563?
3
What is the thousands digit of 143139?
3
What is the thousands digit of 7339678?
9
What is the tens digit of 2191071?
7
What is the thousands digit of 22529938?
9
What is the thousands